{"id":24,"date":"2024-07-02T10:14:43","date_gmt":"2024-07-02T10:14:43","guid":{"rendered":"https:\/\/scuba-activity.com\/?page_id=24"},"modified":"2024-07-21T05:02:14","modified_gmt":"2024-07-21T05:02:14","slug":"24-2","status":"publish","type":"page","link":"https:\/\/scuba-activity.com\/index.php\/24-2\/","title":{"rendered":"Trips und Touren"},"content":{"rendered":"\n<p class=\"has-medium-font-size\"><strong>Day trips for divers and snorklers and mini Liveaboard Trips<\/strong><\/p>\n\n\n\n<p class=\"has-medium-font-size\"><strong>Tagestouren f\u00fcr Taucher und Schnorchler und kurze Tauchsafaris<\/strong><\/p>\n\n\n\n<figure class=\"wp-block-image size-full\"><img loading=\"lazy\" decoding=\"async\" width=\"923\" height=\"798\" src=\"https:\/\/scuba-activity.com\/wp-content\/uploads\/2024\/07\/scuba-activity-logo.png\" alt=\"\" class=\"wp-image-47\" srcset=\"https:\/\/scuba-activity.com\/wp-content\/uploads\/2024\/07\/scuba-activity-logo.png 923w, https:\/\/scuba-activity.com\/wp-content\/uploads\/2024\/07\/scuba-activity-logo-480x415.png 480w\" sizes=\"(min-width: 0px) and (max-width: 480px) 480px, (min-width: 481px) 923px, 100vw\" \/><\/figure>\n\n\n\n<p><strong>Marsa Alam<\/strong><br>A diving trip you will never forget. Diving with a dugong, giant turtles, manta rays, guitar sharks. Offshore diving, one-day trip with 2 dives or 2-day trip with 2 dives overnight in a camp or apartment.<\/p>\n\n\n\n<p><strong>Snorkeling tours<\/strong><br>A trip for the whole family.<br>Our boat takes you to the &#8220;Dolphin House&#8221;, directly to the dolphins&#8217; nursery, to the &#8220;Shaab El Erg&#8221; reef, a protected area where you can discover the unique underwater world.<\/p>\n\n\n\n<p><strong>Mini Safaris<\/strong><br>Salem Express &#8211; Abu Nuhas &#8211; Thistlegorm<br>2-3 day mini safari to the north or south of the Red Sea, by arrangement and number of divers. At least 2 dives daily + one night dive, weather and sea conditions permitting. The price includes full board, soft drinks and towels. Additional equipment for night diving and buoys are not included in the price, but can be rented or purchased.<\/p>\n\n\n\n<p><strong>Marsa Alam<\/strong><br>Eine Tauchreise, die du nie vergessen wirst. Tauchen mit einer Seekuh (Dugong), Riesenschildkr\u00f6ten, Mantas, Gitarrenhaien. Offshore-Tauchen, Eintagesausflug mit 2 Tauchg\u00e4ngen oder 2-Tages-Ausflug mit 2 Tauchg\u00e4ngen \u00fcber Nacht in einem Camp oder Apartment.<\/p>\n\n\n\n<p><strong>Schnorcheltouren<\/strong><br>Ein Ausflug f\u00fcr die ganze Familie.<br>Unser Boot bringt dich ins &#8220;Dolphin Haus&#8221;, direkt in die Kinderstube der Delfine, zum Riff &#8220;Shaab El Erg&#8221;, einem gesch\u00fctzen Bereich, wo du die einzigartige Unterwasserwelt entdecken kannst.<\/p>\n\n\n\n<p><strong>Mini Safaris<\/strong><br>Salem Express &#8211; Abu Nuhas &#8211; Thistlegorm<br>2-3 Tage Minisafari in den Norden oder in den S\u00fcden des Roten Meeres, nach Absprache und Anzahl der Taucher. T\u00e4glich mindestens 2 Tauchg\u00e4nge + einen Nachttauchgang, wenn es das Wetter und die Seelage zulassen. Im Preis sind Vollverpflegung, Softdrinks und Handt\u00fccher enthalten. Die Zusatzausr\u00fcstung f\u00fcr Nachttauchen sowie Bojen sind nicht im Preis inbegriffen, k\u00f6nnen aber gemietet oder k\u00e4uflich erworben werden.<\/p>\n\n\n\n<figure class=\"wp-block-gallery has-nested-images columns-default is-cropped wp-block-gallery-1 is-layout-flex wp-block-gallery-is-layout-flex\">\n<figure class=\"wp-block-image size-large\"><img loading=\"lazy\" decoding=\"async\" width=\"1024\" height=\"1020\" data-id=\"25\" src=\"https:\/\/scuba-activity.com\/wp-content\/uploads\/2024\/07\/304978316_454188330062901_5908632044568207839_n-1024x1020.jpg\" alt=\"\" class=\"wp-image-25\" srcset=\"https:\/\/scuba-activity.com\/wp-content\/uploads\/2024\/07\/304978316_454188330062901_5908632044568207839_n-1024x1020.jpg 1024w, https:\/\/scuba-activity.com\/wp-content\/uploads\/2024\/07\/304978316_454188330062901_5908632044568207839_n-980x976.jpg 980w, https:\/\/scuba-activity.com\/wp-content\/uploads\/2024\/07\/304978316_454188330062901_5908632044568207839_n-480x478.jpg 480w\" sizes=\"(min-width: 0px) and (max-width: 480px) 480px, (min-width: 481px) and (max-width: 980px) 980px, (min-width: 981px) 1024px, 100vw\" \/><\/figure>\n<\/figure>\n\n\n\n<div class=\"wp-block-group is-layout-constrained wp-block-group-is-layout-constrained\">\n<figure class=\"wp-block-gallery has-nested-images columns-default is-cropped wp-block-gallery-2 is-layout-flex wp-block-gallery-is-layout-flex\"><\/figure>\n<\/div>\n\n\n\n<figure class=\"wp-block-gallery has-nested-images columns-default is-cropped wp-block-gallery-3 is-layout-flex wp-block-gallery-is-layout-flex\">\n<figure class=\"wp-block-image size-large\"><img loading=\"lazy\" decoding=\"async\" width=\"1024\" height=\"768\" data-id=\"33\" src=\"https:\/\/scuba-activity.com\/wp-content\/uploads\/2024\/07\/Photo-27-05-2024-1-40-58-PM-9-1024x768.jpg\" alt=\"\" class=\"wp-image-33\" srcset=\"https:\/\/scuba-activity.com\/wp-content\/uploads\/2024\/07\/Photo-27-05-2024-1-40-58-PM-9-1024x768.jpg 1024w, https:\/\/scuba-activity.com\/wp-content\/uploads\/2024\/07\/Photo-27-05-2024-1-40-58-PM-9-980x735.jpg 980w, https:\/\/scuba-activity.com\/wp-content\/uploads\/2024\/07\/Photo-27-05-2024-1-40-58-PM-9-480x360.jpg 480w\" sizes=\"(min-width: 0px) and (max-width: 480px) 480px, (min-width: 481px) and (max-width: 980px) 980px, (min-width: 981px) 1024px, 100vw\" \/><\/figure>\n\n\n\n<figure class=\"wp-block-image size-large\"><img loading=\"lazy\" decoding=\"async\" width=\"1024\" height=\"768\" data-id=\"34\" src=\"https:\/\/scuba-activity.com\/wp-content\/uploads\/2024\/07\/Photo-27-05-2024-1-40-58-PM-8-1024x768.jpg\" alt=\"\" class=\"wp-image-34\" srcset=\"https:\/\/scuba-activity.com\/wp-content\/uploads\/2024\/07\/Photo-27-05-2024-1-40-58-PM-8-1024x768.jpg 1024w, https:\/\/scuba-activity.com\/wp-content\/uploads\/2024\/07\/Photo-27-05-2024-1-40-58-PM-8-980x735.jpg 980w, https:\/\/scuba-activity.com\/wp-content\/uploads\/2024\/07\/Photo-27-05-2024-1-40-58-PM-8-480x360.jpg 480w\" sizes=\"(min-width: 0px) and (max-width: 480px) 480px, (min-width: 481px) and (max-width: 980px) 980px, (min-width: 981px) 1024px, 100vw\" \/><\/figure>\n\n\n\n<figure class=\"wp-block-image size-large\"><img loading=\"lazy\" decoding=\"async\" width=\"1024\" height=\"768\" data-id=\"36\" src=\"https:\/\/scuba-activity.com\/wp-content\/uploads\/2024\/07\/Photo-27-05-2024-1-40-58-PM-7-1024x768.jpg\" alt=\"\" class=\"wp-image-36\" srcset=\"https:\/\/scuba-activity.com\/wp-content\/uploads\/2024\/07\/Photo-27-05-2024-1-40-58-PM-7-1024x768.jpg 1024w, https:\/\/scuba-activity.com\/wp-content\/uploads\/2024\/07\/Photo-27-05-2024-1-40-58-PM-7-980x735.jpg 980w, https:\/\/scuba-activity.com\/wp-content\/uploads\/2024\/07\/Photo-27-05-2024-1-40-58-PM-7-480x360.jpg 480w\" sizes=\"(min-width: 0px) and (max-width: 480px) 480px, (min-width: 481px) and (max-width: 980px) 980px, (min-width: 981px) 1024px, 100vw\" \/><\/figure>\n\n\n\n<figure class=\"wp-block-image size-large\"><img loading=\"lazy\" decoding=\"async\" width=\"1024\" height=\"768\" data-id=\"37\" src=\"https:\/\/scuba-activity.com\/wp-content\/uploads\/2024\/07\/Photo-27-05-2024-1-40-58-PM-5-1024x768.jpg\" alt=\"\" class=\"wp-image-37\" srcset=\"https:\/\/scuba-activity.com\/wp-content\/uploads\/2024\/07\/Photo-27-05-2024-1-40-58-PM-5-1024x768.jpg 1024w, https:\/\/scuba-activity.com\/wp-content\/uploads\/2024\/07\/Photo-27-05-2024-1-40-58-PM-5-980x735.jpg 980w, https:\/\/scuba-activity.com\/wp-content\/uploads\/2024\/07\/Photo-27-05-2024-1-40-58-PM-5-480x360.jpg 480w\" sizes=\"(min-width: 0px) and (max-width: 480px) 480px, (min-width: 481px) and (max-width: 980px) 980px, (min-width: 981px) 1024px, 100vw\" \/><\/figure>\n\n\n\n<figure class=\"wp-block-image size-large\"><img loading=\"lazy\" decoding=\"async\" width=\"1024\" height=\"768\" data-id=\"35\" src=\"https:\/\/scuba-activity.com\/wp-content\/uploads\/2024\/07\/Photo-27-05-2024-1-40-58-PM-6-1024x768.jpg\" alt=\"\" class=\"wp-image-35\" srcset=\"https:\/\/scuba-activity.com\/wp-content\/uploads\/2024\/07\/Photo-27-05-2024-1-40-58-PM-6-1024x768.jpg 1024w, https:\/\/scuba-activity.com\/wp-content\/uploads\/2024\/07\/Photo-27-05-2024-1-40-58-PM-6-980x735.jpg 980w, https:\/\/scuba-activity.com\/wp-content\/uploads\/2024\/07\/Photo-27-05-2024-1-40-58-PM-6-480x360.jpg 480w\" sizes=\"(min-width: 0px) and (max-width: 480px) 480px, (min-width: 481px) and (max-width: 980px) 980px, (min-width: 981px) 1024px, 100vw\" \/><\/figure>\n\n\n\n<figure class=\"wp-block-image size-large\"><img loading=\"lazy\" decoding=\"async\" width=\"1024\" height=\"768\" data-id=\"38\" src=\"https:\/\/scuba-activity.com\/wp-content\/uploads\/2024\/07\/Photo-27-05-2024-1-40-58-PM-3-1-1024x768.jpg\" alt=\"\" class=\"wp-image-38\" srcset=\"https:\/\/scuba-activity.com\/wp-content\/uploads\/2024\/07\/Photo-27-05-2024-1-40-58-PM-3-1-980x735.jpg 980w, https:\/\/scuba-activity.com\/wp-content\/uploads\/2024\/07\/Photo-27-05-2024-1-40-58-PM-3-1-480x360.jpg 480w\" sizes=\"(min-width: 0px) and (max-width: 480px) 480px, (min-width: 481px) and (max-width: 980px) 980px, (min-width: 981px) 1024px, 100vw\" \/><\/figure>\n\n\n\n<figure class=\"wp-block-image size-large\"><img loading=\"lazy\" decoding=\"async\" width=\"1024\" height=\"768\" data-id=\"39\" src=\"https:\/\/scuba-activity.com\/wp-content\/uploads\/2024\/07\/Photo-27-05-2024-1-40-58-PM-4-1024x768.jpg\" alt=\"\" class=\"wp-image-39\" srcset=\"https:\/\/scuba-activity.com\/wp-content\/uploads\/2024\/07\/Photo-27-05-2024-1-40-58-PM-4-1024x768.jpg 1024w, https:\/\/scuba-activity.com\/wp-content\/uploads\/2024\/07\/Photo-27-05-2024-1-40-58-PM-4-980x735.jpg 980w, https:\/\/scuba-activity.com\/wp-content\/uploads\/2024\/07\/Photo-27-05-2024-1-40-58-PM-4-480x360.jpg 480w\" sizes=\"(min-width: 0px) and (max-width: 480px) 480px, (min-width: 481px) and (max-width: 980px) 980px, (min-width: 981px) 1024px, 100vw\" \/><\/figure>\n\n\n\n<figure class=\"wp-block-image size-large\"><img loading=\"lazy\" decoding=\"async\" width=\"1024\" height=\"768\" data-id=\"40\" src=\"https:\/\/scuba-activity.com\/wp-content\/uploads\/2024\/07\/Photo-27-05-2024-1-40-58-PM-2-1024x768.jpg\" alt=\"\" class=\"wp-image-40\" srcset=\"https:\/\/scuba-activity.com\/wp-content\/uploads\/2024\/07\/Photo-27-05-2024-1-40-58-PM-2-980x735.jpg 980w, https:\/\/scuba-activity.com\/wp-content\/uploads\/2024\/07\/Photo-27-05-2024-1-40-58-PM-2-480x360.jpg 480w\" sizes=\"(min-width: 0px) and (max-width: 480px) 480px, (min-width: 481px) and (max-width: 980px) 980px, (min-width: 981px) 1024px, 100vw\" \/><\/figure>\n\n\n\n<figure class=\"wp-block-image size-large\"><img loading=\"lazy\" decoding=\"async\" width=\"1024\" height=\"768\" data-id=\"41\" src=\"https:\/\/scuba-activity.com\/wp-content\/uploads\/2024\/07\/Photo-27-05-2024-1-40-58-PM-3-1024x768.jpg\" alt=\"\" class=\"wp-image-41\" srcset=\"https:\/\/scuba-activity.com\/wp-content\/uploads\/2024\/07\/Photo-27-05-2024-1-40-58-PM-3-1024x768.jpg 1024w, https:\/\/scuba-activity.com\/wp-content\/uploads\/2024\/07\/Photo-27-05-2024-1-40-58-PM-3-980x735.jpg 980w, https:\/\/scuba-activity.com\/wp-content\/uploads\/2024\/07\/Photo-27-05-2024-1-40-58-PM-3-480x360.jpg 480w\" sizes=\"(min-width: 0px) and (max-width: 480px) 480px, (min-width: 481px) and (max-width: 980px) 980px, (min-width: 981px) 1024px, 100vw\" \/><\/figure>\n\n\n\n<figure class=\"wp-block-image size-large\"><img loading=\"lazy\" decoding=\"async\" width=\"1024\" height=\"768\" data-id=\"42\" src=\"https:\/\/scuba-activity.com\/wp-content\/uploads\/2024\/07\/Photo-27-05-2024-1-40-57-PM-1024x768.jpg\" alt=\"\" class=\"wp-image-42\" srcset=\"https:\/\/scuba-activity.com\/wp-content\/uploads\/2024\/07\/Photo-27-05-2024-1-40-57-PM-980x735.jpg 980w, https:\/\/scuba-activity.com\/wp-content\/uploads\/2024\/07\/Photo-27-05-2024-1-40-57-PM-480x360.jpg 480w\" sizes=\"(min-width: 0px) and (max-width: 480px) 480px, (min-width: 481px) and (max-width: 980px) 980px, (min-width: 981px) 1024px, 100vw\" \/><\/figure>\n\n\n\n<figure class=\"wp-block-image size-large\"><img loading=\"lazy\" decoding=\"async\" width=\"1024\" height=\"768\" data-id=\"43\" src=\"https:\/\/scuba-activity.com\/wp-content\/uploads\/2024\/07\/Photo-27-05-2024-1-40-58-PM-1-1024x768.jpg\" alt=\"\" class=\"wp-image-43\" srcset=\"https:\/\/scuba-activity.com\/wp-content\/uploads\/2024\/07\/Photo-27-05-2024-1-40-58-PM-1-1024x768.jpg 1024w, https:\/\/scuba-activity.com\/wp-content\/uploads\/2024\/07\/Photo-27-05-2024-1-40-58-PM-1-980x735.jpg 980w, https:\/\/scuba-activity.com\/wp-content\/uploads\/2024\/07\/Photo-27-05-2024-1-40-58-PM-1-480x360.jpg 480w\" sizes=\"(min-width: 0px) and (max-width: 480px) 480px, (min-width: 481px) and (max-width: 980px) 980px, (min-width: 981px) 1024px, 100vw\" \/><\/figure>\n\n\n\n<figure class=\"wp-block-image size-large\"><img loading=\"lazy\" decoding=\"async\" width=\"1024\" height=\"768\" data-id=\"44\" src=\"https:\/\/scuba-activity.com\/wp-content\/uploads\/2024\/07\/Photo-27-05-2024-1-40-58-PM-1024x768.jpg\" alt=\"\" class=\"wp-image-44\" srcset=\"https:\/\/scuba-activity.com\/wp-content\/uploads\/2024\/07\/Photo-27-05-2024-1-40-58-PM-1024x768.jpg 1024w, https:\/\/scuba-activity.com\/wp-content\/uploads\/2024\/07\/Photo-27-05-2024-1-40-58-PM-980x735.jpg 980w, https:\/\/scuba-activity.com\/wp-content\/uploads\/2024\/07\/Photo-27-05-2024-1-40-58-PM-480x360.jpg 480w\" sizes=\"(min-width: 0px) and (max-width: 480px) 480px, (min-width: 481px) and (max-width: 980px) 980px, (min-width: 981px) 1024px, 100vw\" \/><\/figure>\n<\/figure>\n","protected":false},"excerpt":{"rendered":"<p>Day trips for divers and snorklers and mini Liveaboard Trips Tagestouren f\u00fcr Taucher und Schnorchler und kurze Tauchsafaris Marsa AlamA diving trip you will never forget. Diving with a dugong, giant turtles, manta rays, guitar sharks. Offshore diving, one-day trip with 2 dives or 2-day trip with 2 dives overnight in a camp or apartment. [&hellip;]<\/p>\n","protected":false},"author":3,"featured_media":0,"parent":0,"menu_order":0,"comment_status":"closed","ping_status":"closed","template":"","meta":{"_et_pb_use_builder":"off","_et_pb_old_content":"","_et_gb_content_width":"","footnotes":""},"class_list":["post-24","page","type-page","status-publish","hentry"],"_links":{"self":[{"href":"https:\/\/scuba-activity.com\/index.php\/wp-json\/wp\/v2\/pages\/24","targetHints":{"allow":["GET"]}}],"collection":[{"href":"https:\/\/scuba-activity.com\/index.php\/wp-json\/wp\/v2\/pages"}],"about":[{"href":"https:\/\/scuba-activity.com\/index.php\/wp-json\/wp\/v2\/types\/page"}],"author":[{"embeddable":true,"href":"https:\/\/scuba-activity.com\/index.php\/wp-json\/wp\/v2\/users\/3"}],"replies":[{"embeddable":true,"href":"https:\/\/scuba-activity.com\/index.php\/wp-json\/wp\/v2\/comments?post=24"}],"version-history":[{"count":6,"href":"https:\/\/scuba-activity.com\/index.php\/wp-json\/wp\/v2\/pages\/24\/revisions"}],"predecessor-version":[{"id":67,"href":"https:\/\/scuba-activity.com\/index.php\/wp-json\/wp\/v2\/pages\/24\/revisions\/67"}],"wp:attachment":[{"href":"https:\/\/scuba-activity.com\/index.php\/wp-json\/wp\/v2\/media?parent=24"}],"curies":[{"name":"wp","href":"https:\/\/api.w.org\/{rel}","templated":true}]}}